 of 86170 and 14.
14
Calculate the greatest common divisor of 173251 and 143.
13
What is the greatest common divisor of 83105 and 440?
55
What is the highest common factor of 72416 and 16?
16
What is the greatest common factor of 94569 and 2349?
87
Calculate the greatest common divisor of 3384154 and 2359.
337
Calculate the greatest common factor of 39738 and 225003.
537
Calculate the greatest common factor of 7140 and 88480.
140
Calculate the greatest common factor of 125100 and 5400.
900
Calculate the highest common factor of 287 and 4059.
41
What is the highest common factor of 344 and 2156536?
344
Calculate the greatest common divisor of 440910 and 852.
426
Calculate the greatest common divisor of 627 and 7467.
57
Calculate the greatest common factor of 92 and 1212.
4
Calculate the greatest common factor of 332 and 7352804.
332
Calculate the greatest common divisor of 90872 and 10438.
614
What is the greatest common factor of 7513 and 116793?
683
Calculate the greatest common factor of 27141 and 6213.
327
Calculate the highest common divisor of 50 and 25835.
5
What is the highest common factor of 2627 and 497?
71
Calculate the highest common factor of 5900282 and 1334.
1334
What is the highest common factor of 37125 and 297?
297
Calculate the highest common factor of 110845 and 70.
35
What is the highest common factor of 2178 and 1782?
198
Calculate the highest common factor of 207669 and 24087.
651
Calculate the greatest common divisor of 4026 and 660.
66
What is the highest common divisor of 4137608 and 92?
92
Calculate the highest common divisor of 483 and 37779.
21
What is the greatest common divisor of 372 and 628959?
93
What is the greatest common factor of 70707 and 539?
49
Calculate the greatest common factor of 35 and 56645.
5
Calculate the highest common divisor of 89929 and 886.
443
Calculate the highest common divisor of 30 and 800682.
6
Calculate the highest common factor of 359760 and 40.
40
Calculate the highest common factor of 8967 and 1155.
21
Calculate the greatest common factor of 11 and 18759.
1
What is the greatest common divisor of 234 and 15084?
18
What is the highest common divisor of 27 and 35?
1
Calculate the highest common factor of 177489 and 7659.
333
What is the highest common factor of 1316 and 2772?
28
What is the highest common divisor of 51 and 4233?
51
What is the greatest common factor of 31425338 and 14?
14
Calculate the greatest common divisor of 3424 and 7597.
107
Calculate the greatest common factor of 43120 and 37840.
880
What is the highest common factor of 144 and 10048?
16
Calculate the highest common factor of 108 and 507438.
54
What is the highest common factor of 2188 and 525667?
547
Calculate the greatest common divisor of 528 and 1221.
33
What is the greatest common divisor of 53748 and 576?
36
What is the highest common factor of 54 and 1195182?
54
What is the greatest common divisor of 334 and 57949?
167
Calculate the greatest common factor of 708 and 890959.
59
What is the greatest common divisor of 234910 and 650?
130
What is the greatest common divisor of 15702 and 12?
6
What is the highest common factor of 3988225 and 725?
725
Calculate the greatest common factor of 9350 and 6985.
55
Calculate the highest common divisor of 738 and 203934.
246
Calculate the highest common divisor of 664756 and 4.
4
Calculate the greatest common divisor of 96 and 564.
12
What is the greatest common factor of 114 and 772236?
114
What is the highest common factor of 832626 and 136?
34
Calculate the highest common factor of 217 and 3007.
31
What is the greatest common factor of 48465 and 154011?
1077
What is the highest common divisor of 540 and 9585?
135
What is the greatest common divisor of 1328 and 937734?
166
What is the highest common divisor of 72 and 793356?
12
Calculate the greatest common divisor of 93920 and 64.
32
Calculate the greatest common divisor of 8555 and 12095.
295
Calculate the highest common divisor of 342 and 21774.
114
What is the greatest common divisor of 18 and 13254?
6
What is the highest common factor of 910 and 5160?
10
What is the greatest common factor of 1139 and 11591?
67
Calculate the highest common divisor of 9058 and 287.
7
What is the highest common divisor of 181746 and 36?
18
What is the greatest common factor of 1674 and 175104?
18
What is the greatest common divisor of 63 and 2250?
9
Calculate the highest common factor of 6 and 15279.
3
Calculate the greatest common divisor of 183488 and 3196.
188
Calculate the greatest common divisor of 425 and 119.
17
What is the highest common factor of 103 and 206000?
103
Calculate the highest common factor of 12 and 126210.
6
What is the highest common divisor of 815 and 677428?
163
What is the highest common divisor of 18093 and 333?
111
What is the greatest common factor of 31758 and 15642?
474
Calculate the highest common divisor of 3590 and 95.
5
Calculate the highest common divisor of 376 and 137992.
376
What is the highest common divisor of 26312 and 968?
88
What is the greatest common divisor of 1598 and 172114?
94
What is the highest common factor of 42 and 784497?
21
Calculate the highest common factor of 5 and 4470.
5
What is the highest common factor of 5318784 and 24?
24
Calculate the highest common divisor of 40 and 12976.
8
Calculate the greatest common factor of 329532 and 252.
84
What is the highest common divisor of 15769 and 1?
1
Calculate the greatest common divisor of 210 and 22395.
15
What is the greatest common factor of 5580 and 870?
30
Calculate the highest common divisor of 59308 and 12.
4
What is the highest common factor of 24 and 5212056?
24
What is the greatest common divisor of 716 and 26?
2
What is the greatest common factor of 32613 and 714?
21
What is the greatest common divisor of 16 and 67656?
8
Calculate the highest common divisor of 7 and 3973347.
7
Calculate the highest common divisor of 160 and 8090.
10
Calculate the greatest common divisor of 1834 and 2828.
14
What is the greatest common factor of 9 and 16372413?
9
Calculate the highest common factor of 364199 and 44.
11
What is the highest common divisor of 11 and 2140501?
11
Calculate the highest common divisor of 24 and 3653316.
12
What is the highest common divisor of 50940 and 6780?
60
Calculate the highest common factor of 632 and 20461.
79
What is the greatest common factor of 1040 and 4155?
5
Calculate the highest common divisor of 368966 and 403.
13
What is the highest common divisor of 93096 and 162?
54
What is the highest common factor of 65354 and 656?
82
Calculate the greatest common factor of 44 and 254749.
11
Calculate the highest common divisor of 53007 and 1.
1
What is the highest common divisor of 3477 and 1626077?
1159
Calculate the greatest common divisor of 5174 and 754.
26
Calculate the highest common divisor of 31179 and 13281.
57
What is the greatest common factor of 12 and 4414188?
12
Calculate the highest common divisor of 5076 and 4418.
94
Calculate the highest common divisor of 281341 and 1594.
797
What is the greatest common divisor of 1654460 and 20?
20
Calculate the highest common factor of 80638 and 184.
46
Calculate the greatest common factor of 67586 and 846.
94
What is the highest common factor of 1501 and 17143?
79
What is the greatest common factor of 5031243 and 63?
63
What is the highest common factor of 28696 and 221?
17
What is the highest common divisor of 438 and 920384?
146
Calculate the highest common factor of 12075 and 1.
1
What is the highest common factor of 82927 and 2002?
13
Calculate the greatest common divisor of 27619 and 71.
71
Calculate the highest common factor of 3129 and 2877.
21
What is the greatest common factor of 476 and 12937?
17
What is the greatest common divisor of 958269 and 117?
39
Calculate the greatest common divisor of 2781 and 8964.
27
Calculate the highest common factor of 3150 and 280.
70
What is the greatest common divisor of 725 and 200?
25
What is the greatest common factor of 8 and 268648?
8
What is the highest common divisor of 385 and 62095?
55
Calculate the highest common factor of 835 and 535.
5
What is the highest common factor of 2307798 and 54?
54
What is the greatest common factor of 65 and 91585?
65
Calculate the highest common divisor of 7 and 